 = 3, -w - 2*x = 61. List the prime factors of w*(-1 - (-2 + (0 - -2))).
61
Let v(z) = -z + 1. Let k be v(-4). List the prime factors of 0 + (-5)/(k/(-2)).
2
Let c be (3/2)/(21/70). Suppose -s = -2*n + 6 + 1, -c*s - 2*n = -25. Suppose i - 3 = 0, 4*i = -s*r + 2*r + 19. What are the prime factors of r?
7
List the prime factors of (3 - 90/36)/((-2)/(-18124)).
23, 197
List the prime factors of ((-397)/(-2))/(1/6).
3, 397
Suppose 2*b - 1459 = -3*p, -3*b + p - 5*p = -2190. What are the prime factors of b?
2, 367
Suppose -3*a - 2*l = -5*l - 3, 3*a + 3*l = 15. Suppose -3*w = -3*k + a, -4*w = k + 5 - 21. Suppose -28 - 44 = -w*v. What are the prime factors of v?
2, 3
Let c(h) = 5*h**2 - 13*h + 42. List the prime factors of c(16).
2, 557
Suppose -4*h = 68 + 12. Let l = h + 26. List the prime factors of l.
2, 3
Let r = 11 + 7. Suppose -5*n - 3*d + 69 = -0*n, -2*d - r = -2*n. What are the prime factors of n?
2, 3
Let r(g) = 7*g**2 + 73*g + 40. What are the prime factors of r(-13)?
2, 137
Let j(n) = 29*n**2 + 25*n - 28. What are the prime factors of j(-9)?
2, 131
Let b(z) be the third derivative of 3*z**5/20 - z**4/4 + 7*z**3/3 - 37*z**2. List the prime factors of b(4).
2, 67
Suppose -u + 4*h = -285 + 89, 5*u - 964 = 4*h. List the prime factors of u.
2, 3
Let r(t) = 5*t + t**3 - 3*t - 3*t + 0*t + 6*t**2. Suppose 10*u + 12 = 7*u. What are the prime factors of r(u)?
2, 3
Let m(l) = 23*l + 8. Let c be m(-8). Let h be ((-282)/(-8))/((-33)/c). Suppose -5*k + 4 = -4*k, 4*i - h = -4*k. What are the prime factors of i?
43
List the prime factors of -4 - 315/(-18)*144/15.
2, 41
Suppose -11*h + 16*h - 5 = 0. What are the prime factors of ((-1)/h)/(2/(-148))?
2, 37
Let j = -121 + 151. Let r = -36 - -52. Let m = j - r. List the prime factors of m.
2, 7
Let y(k) = k**2 - 2*k - 41. Let g be y(-6). Suppose -234 = -g*a + 46. List the prime factors of a.
2, 5
Let b be (-4)/((-20)/3) - (-31785)/25. Suppose 5*m - b = x, 2*m = -2*x + 6*x + 516. What are the prime factors of m?
2, 127
Let b(q) = q**3 - 2*q**2 - 3*q + 3. Let p be b(2). Let m be (-3)/(p/2) + 13. Let g = 27 - m. List the prime factors of g.
2, 3
Let d(x) = x + 9. Let i be d(-6). Suppose 0 = -i*n + n - 4. What are the prime factors of n/12 - (-110)/12?
3
Suppose 3*f - 49 - 77 = 0. What are the prime factors of f?
2, 3, 7
Suppose -3*j - 3*f = 9, -2*j = -0*j - f - 3. Suppose j = -i - 3*a - 41, 3*i - 4*a + 142 = 6. List the prime factors of (-272)/i - 4/22.
2, 3
Suppose 2*q + q - 5*p - 108 = 0, 0 = -5*p. Let r = 55 - q. What are the prime factors of r?
19
Suppose -4*l - 2*k - 3*k = -37, 5*l + 3*k = 43. Let y(s) be the third derivative of s**5/60 - s**4/12 - 7*s**3/6 - 5*s**2. List the prime factors of y(l).
41
Let r be (-4 - 1)*(1 - (-1106)/(-10)). Let f = 797 - r. What are the prime factors of f?
3, 83
Suppose -3*f = 3*j - 240, f - 5*j = -4*f + 380. Suppose 2*s - f = -3*q + 5*s, q + 3*s = 14. What are the prime factors of q?
23
Let h(v) = -v**2 - 6*v + 2. Let u be h(-6). Let w = 115 + -61. Suppose 2*l = 4*z - 110, u*l + w + 31 = 3*z. List the prime factors of z.
5
Suppose 0*r + 2*r = 4. Let y = -2 + r. Suppose 0*a + 4*a + 2*n - 172 = 0, 5*n - 20 = y. List the prime factors of a.
41
Let x = -13 - -13. Suppose x*s + 3*s - 6 = 0. Suppose 0 = -s*d + 24 + 22. What are the prime factors of d?
23
Let k(b) = -b - 3. Let j be k(-3). Suppose j = -4*s + 37 + 39. List the prime factors of 1*(0 + (s - -1)).
2, 5
Let b = 1778 + -718. List the prime factors of b.
2, 5, 53
Suppose -7*c + 635 + 1885 = 0. Suppose -c = -12*m + 7*m. What are the prime factors of m?
2, 3
Suppose 5 = -5*c + 5*w, 0 = -c - 0*c + 2*w - 4. Suppose 111 = 5*y - c*y. What are the prime factors of y?
37
Let l(n) = 386*n**2 + 205*n + 2. What are the prime factors of l(2)?
2, 3, 163
Let x = 172 + 263. List the prime factors of x.
3, 5, 29
Let b(j) = -j**3 + 3*j + 3. Let f be b(-2). Let h(s) = -41*s - 10 - 31*s + 152*s - 35*s - 31*s. List the prime factors of h(f).
2, 3, 5
Suppose 0 = 3*y - 0*y - 12. Suppose 2*d - 3*d - 203 = -y*m, -244 = -5*m - 2*d. What are the prime factors of m?
2, 5
Let b(a) = 13*a - 13. Let y(m) = 27*m - 25. Let c(k) = 11*b(k) - 6*y(k). Let q(g) = 56*g - 20. Let j(f) = 17*c(f) + 6*q(f). List the prime factors of j(1).
2, 3
Suppose -2*s = 19 - 1. Let l = s + 14. Suppose 2*d - 4*h - l = 9, 5*d = 3*h + 49. What are the prime factors of d?
11
Let v(s) = 4 + s**2 + 3*s**3 - s**3 - 2*s - 2*s - 3*s**2. Let g be v(2). Suppose -g*x + 14 = 2*o, 2*o - 4*x - 3 = 3. List the prime factors of o.
5
Let i be -1 - 1 - 0 - -57. Let o = 141 - i. What are the prime factors of o?
2, 43
Let o(n) = 21*n - 9. Let x be o(8). Let g = x + -37. Let v = g + -73. List the prime factors of v.
7
Let b(p) = -p**3 - 4*p**2 + 5*p + 5. Let a be b(-4). Let l = 29 - 38. What are the prime factors of (12/l)/(2/a)?
2, 5
List the prime factors of (-172)/6*(-15 - 6).
2, 7, 43
Let q(h) = 5*h**3 + 3*h**2 - h - 2. Let r be q(-3). Let v = r - -247. Suppose y - 23 = -2*g - 4, g = -5*y + v. What are the prime factors of y?
29
Suppose 2*d + 40 = -b + 189, 2*d = -3*b + 159. What are the prime factors of d?
2, 3
Let l(s) = 22*s**3 + 3*s**2 - s - 2. List the prime factors of l(2).
2, 23
Let b = 251 - 209. What are the prime factors of b?
2, 3, 7
Suppose -i + 4*s = -21, -i = 2*s + 9 - 0. Suppose -r + 76 = 5*c - 83, 0 = -r - i. What are the prime factors of c?
2
Let m(r) = 2*r**2 - 4*r. Let n be m(3). Let d(y) = 12*y - 3*y**2 + 2*y**2 - 2*y - 12 + 2. List the prime factors of d(n).
2, 7
Let c = 118 - 127. List the prime factors of 73*(10 + c)/(2/6).
3, 73
Let n be 378/(-15)*(-10)/15*25. Suppose -3*y = -8*y + n. List the prime factors of y.
2, 3, 7
Suppose 0 = 47*f - 49*f + 820. What are the prime factors of f?
2, 5, 41
Let r be ((-42)/9 + 3 - 0)*-3. Suppose 13 = o + 3*h, 13 = -o + r*h + 2. List the prime factors of o.
2
Let k(a) = -a**2. Let c(x) = -x**3 + 9*x**2 + 6*x - 4. Let q(y) = -c(y) - 5*k(y). Let w be q(4). List the prime factors of 71/4 + (-5)/w.
2, 3
Let b(l) = l**3 + 10*l**2 + l + 11. Let t be b(-10). What are the prime factors of 424/16*(t + 3)?
2, 53
Suppose 6*t = 9*t - 165. Let v = t + -4. What are the prime factors of v?
3, 17
Suppose 1 = 5*z - 24. Suppose 3*u - z = -2, -3*g - 5*u = 16. Let b = g - -10. List the prime factors of b.
3
What are the prime factors of ((-5355)/25 - -5)/(4/(-10))?
523
Let l(b) be the third derivative of -b**5/60 + 7*b**4/24 + b**3/2 - 2*b**2. Let r be l(6). Let a = 21 + r. What are the prime factors of a?
2, 3, 5
Let s = 1784 - 525. What are the prime factors of s?
1259
Let y(b) = 433*b - 524. What are the prime factors of y(6)?
2, 17, 61
Let y(s) be the third derivative of s**5/60 - s**4/6 - s**3 + 17*s**2. What are the prime factors of y(-8)?
2, 3, 5
Let u = -657 + 1248. What are the prime factors of u?
3, 197
Let w = -404 - -200. Let l = w - -341. List the prime factors of l.
137
Let m = -13 + 14. Let d(x) = -1 - 3 - 3*x + 6 + m. What are the prime factors of d(-4)?
3, 5
Let v(n) = -225*n - 667. What are the prime factors of v(-6)?
683
Suppose -4*a - 6911 + 1643 = -2*u, -3*u + 7895 = a. What are the prime factors of u?
2, 7, 47
Let p(s) = 34*s - 1. Let y be p(-5). Let g = -98 - y. List the prime factors of g.
73
Let c be (1/((-5)/2))/(1/5). Let g(d) = -20*d**3 + 3*d**2 + 4*d + 3. List the prime factors of g(c).
167
Let j = 90 - -360. What are the prime factors of j?
2, 3, 5
What are the prime factors of (-5)/(-5)*565 - -1?
2, 283
Suppose 3*y + 18 = -p - 2*y, 0 = -2*p - 4*y - 12. Suppose -4*a = 8, -4*a = -f + p*f - 85. What are the prime factors of f?
3, 31
List the prime factors of (-3)/2 - (-7)/(28/1926).
2, 3, 5
What are the prime factors of (5 - 212*(-96)/(-6))/(-1)?
3, 1129
List the prime factors of -1 + -4 - (-895 - 6/3).
2, 223
Suppose 5*y = g - 270 - 1484, 0 = -4*y. List the prime factors of g.
2, 877
Let d be (80/50)/((-1563)/(-780) - 2). Let i = d + -291. What are the prime factors of i?
5
Let d be 152/(-24) - 2/3. What are the prime factors of (-1 - (d - -4))*11?
2, 11
Suppose -5*j = 3*a - 145, 80*j = 79*j + 2*a + 16. List the prime factors of j.
2, 13
Suppose 0 = 10*k - 7*k - 4*s - 339, 0 = -5*k + s + 565. List the prime factors of k.
113
Suppose 77*k = 73*k + 1080. What are the prime factors of k?
2, 3, 5
Suppose -2*x = -2*k + 74, -4*k